[INFO] cloning repository https://github.com/patosai/esc
[INFO] running `Command { std: "git" "-c" "credential.helper=" "-c" "credential.helper=/workspace/cargo-home/bin/git-credential-null" "clone" "--bare" "https://github.com/patosai/esc" "/workspace/cache/git-repos/https%3A%2F%2Fgithub.com%2Fpatosai%2Fesc", kill_on_drop: false }`
[INFO] [stderr] Cloning into bare repository '/workspace/cache/git-repos/https%3A%2F%2Fgithub.com%2Fpatosai%2Fesc'...
[INFO] running `Command { std: "git" "rev-parse" "HEAD", kill_on_drop: false }`
[INFO] [stdout] 613b65adb131472aa7af0a2c779bf053cee5cbc9
[INFO] checking patosai/esc against master#af3c6e733a40e671550e0f0f5aeecaa13772ba56 for pr-74989
[INFO] running `Command { std: "git" "clone" "/workspace/cache/git-repos/https%3A%2F%2Fgithub.com%2Fpatosai%2Fesc" "/workspace/builds/worker-7/source", kill_on_drop: false }`
[INFO] [stderr] Cloning into '/workspace/builds/worker-7/source'...
[INFO] [stderr] done.
[INFO] validating manifest of git repo https://github.com/patosai/esc on toolchain af3c6e733a40e671550e0f0f5aeecaa13772ba56
[INFO] running `Command { std: "/workspace/cargo-home/bin/cargo" "+af3c6e733a40e671550e0f0f5aeecaa13772ba56" "read-manifest" "--manifest-path" "Cargo.toml", kill_on_drop: false }`
[INFO] removed /workspace/builds/worker-7/source/.cargo/config
[INFO] started tweaking git repo https://github.com/patosai/esc
[INFO] finished tweaking git repo https://github.com/patosai/esc
[INFO] tweaked toml for git repo https://github.com/patosai/esc written to /workspace/builds/worker-7/source/Cargo.toml
[INFO] crate git repo https://github.com/patosai/esc already has a lockfile, it will not be regenerated
[INFO] running `Command { std: "/workspace/cargo-home/bin/cargo" "+af3c6e733a40e671550e0f0f5aeecaa13772ba56" "fetch" "--locked" "--manifest-path" "Cargo.toml", kill_on_drop: false }`
[INFO] [stderr]     Blocking waiting for file lock on package cache
[INFO] running `Command { std: "docker" "create" "-v" "/var/lib/crater-agent-workspace/builds/worker-7/target:/opt/rustwide/target:rw,Z" "-v" "/var/lib/crater-agent-workspace/builds/worker-7/source:/opt/rustwide/workdir:ro,Z" "-v" "/var/lib/crater-agent-workspace/cargo-home:/opt/rustwide/cargo-home:ro,Z" "-v" "/var/lib/crater-agent-workspace/rustup-home:/opt/rustwide/rustup-home:ro,Z" "-e" "SOURCE_DIR=/opt/rustwide/workdir" "-e" "CARGO_TARGET_DIR=/opt/rustwide/target" "-e" "CARGO_HOME=/opt/rustwide/cargo-home" "-e" "RUSTUP_HOME=/opt/rustwide/rustup-home" "-w" "/opt/rustwide/workdir" "-m" "1610612736" "--user" "0:0" "--network" "none" "rustops/crates-build-env@sha256:d92eaeed33fa75130ca1ee6c8a01d1ffb62bac859dfdfb3450e3e5d1c0146529" "/opt/rustwide/cargo-home/bin/cargo" "+af3c6e733a40e671550e0f0f5aeecaa13772ba56" "metadata" "--no-deps" "--format-version=1", kill_on_drop: false }`
[INFO] [stdout] 6f3ad0dc9bc45f686b1f0c553d1bc40e00c4a1657ede6396a4be869c03832076
[INFO] [stderr] WARNING: Your kernel does not support swap limit capabilities or the cgroup is not mounted. Memory limited without swap.
[INFO] running `Command { std: "docker" "start" "-a" "6f3ad0dc9bc45f686b1f0c553d1bc40e00c4a1657ede6396a4be869c03832076", kill_on_drop: false }`
[INFO] running `Command { std: "docker" "inspect" "6f3ad0dc9bc45f686b1f0c553d1bc40e00c4a1657ede6396a4be869c03832076", kill_on_drop: false }`
[INFO] running `Command { std: "docker" "rm" "-f" "6f3ad0dc9bc45f686b1f0c553d1bc40e00c4a1657ede6396a4be869c03832076", kill_on_drop: false }`
[INFO] [stdout] 6f3ad0dc9bc45f686b1f0c553d1bc40e00c4a1657ede6396a4be869c03832076
[INFO] running `Command { std: "docker" "create" "-v" "/var/lib/crater-agent-workspace/builds/worker-7/target:/opt/rustwide/target:rw,Z" "-v" "/var/lib/crater-agent-workspace/builds/worker-7/source:/opt/rustwide/workdir:ro,Z" "-v" "/var/lib/crater-agent-workspace/cargo-home:/opt/rustwide/cargo-home:ro,Z" "-v" "/var/lib/crater-agent-workspace/rustup-home:/opt/rustwide/rustup-home:ro,Z" "-e" "SOURCE_DIR=/opt/rustwide/workdir" "-e" "CARGO_TARGET_DIR=/opt/rustwide/target" "-e" "CARGO_INCREMENTAL=0" "-e" "RUST_BACKTRACE=full" "-e" "RUSTFLAGS=--cap-lints=forbid" "-e" "CARGO_HOME=/opt/rustwide/cargo-home" "-e" "RUSTUP_HOME=/opt/rustwide/rustup-home" "-w" "/opt/rustwide/workdir" "-m" "1610612736" "--user" "0:0" "--network" "none" "rustops/crates-build-env@sha256:d92eaeed33fa75130ca1ee6c8a01d1ffb62bac859dfdfb3450e3e5d1c0146529" "/opt/rustwide/cargo-home/bin/cargo" "+af3c6e733a40e671550e0f0f5aeecaa13772ba56" "check" "--frozen" "--all" "--all-targets" "--message-format=json", kill_on_drop: false }`
[INFO] [stdout] 5810e0913226d8c783f6e623dd05c64a89b65fb18d57b3db24a33bd3d7a4a701
[INFO] [stderr] WARNING: Your kernel does not support swap limit capabilities or the cgroup is not mounted. Memory limited without swap.
[INFO] running `Command { std: "docker" "start" "-a" "5810e0913226d8c783f6e623dd05c64a89b65fb18d57b3db24a33bd3d7a4a701", kill_on_drop: false }`
[INFO] [stderr]     Blocking waiting for file lock on package cache
[INFO] [stderr]     Blocking waiting for file lock on package cache
[INFO] [stderr]    Compiling semver-parser v0.7.0
[INFO] [stderr]    Compiling proc-macro2 v0.4.30
[INFO] [stderr]    Compiling unicode-xid v0.1.0
[INFO] [stderr]    Compiling rand_core v0.4.0
[INFO] [stderr]    Compiling syn v0.15.39
[INFO] [stderr]    Compiling cortex-m v0.6.0
[INFO] [stderr]    Compiling cortex-m-rt v0.6.8
[INFO] [stderr]    Compiling stm32f4 v0.7.1
[INFO] [stderr]    Compiling cortex-m-semihosting v0.3.3
[INFO] [stderr]     Checking void v1.0.2
[INFO] [stderr]     Checking cast v0.2.2
[INFO] [stderr]     Checking typenum v1.10.0
[INFO] [stderr]     Checking embedded-hal v0.2.3
[INFO] [stderr]    Compiling rand_core v0.3.1
[INFO] [stderr]    Compiling rand v0.5.6
[INFO] [stderr]    Compiling semver v0.9.0
[INFO] [stderr]    Compiling quote v0.6.12
[INFO] [stderr]    Compiling rustc_version v0.2.3
[INFO] [stderr]     Checking generic-array v0.12.3
[INFO] [stderr]    Compiling bare-metal v0.2.4
[INFO] [stderr]     Checking as-slice v0.1.0
[INFO] [stderr]     Checking aligned v0.3.1
[INFO] [stderr]    Compiling cortex-m-rt-macros v0.1.5
[INFO] [stderr]     Checking stm32f4xx-hal v0.5.0
[INFO] [stderr]     Checking esc v0.1.0 (/opt/rustwide/workdir)
[INFO] [stdout] error[E0423]: expected function, tuple struct or tuple variant, found struct `spi::Spi`
[INFO] [stdout]    --> src/spi.rs:11:15
[INFO] [stdout]     |
[INFO] [stdout] 11  |       let spi = spi::Spi(
[INFO] [stdout]     |  _______________^
[INFO] [stdout] 12  | |         p.SPI2,
[INFO] [stdout] 13  | |         (tx, rx),
[INFO] [stdout] 14  | |         (spi::Polarity::IdleHigh, spi::Phase::CaptureOnFirstTransition),
[INFO] [stdout] 15  | |         HERTZ,
[INFO] [stdout] 16  | |         clocks,
[INFO] [stdout] 17  | |     ).unwrap();
[INFO] [stdout]     | |_____^ help: use struct literal syntax instead: `spi::Spi { spi: val, pins: val }`
[INFO] [stdout]     | 
[INFO] [stdout]    ::: /opt/rustwide/cargo-home/registry/src/github.com-1ecc6299db9ec823/stm32f4xx-hal-0.5.0/src/spi.rs:720:1
[INFO] [stdout]     |
[INFO] [stdout] 720 |   pub struct Spi<SPI, PINS> {
[INFO] [stdout]     |   ------------------------- `spi::Spi` defined here
[INFO] [stdout] 
[INFO] [stdout] 
[INFO] [stdout] error[E0425]: cannot find value `HERTZ` in this scope
[INFO] [stdout]   --> src/spi.rs:15:9
[INFO] [stdout]    |
[INFO] [stdout] 15 |         HERTZ,
[INFO] [stdout]    |         ^^^^^ not found in this scope
[INFO] [stdout] 
[INFO] [stdout] 
[INFO] [stdout] error[E0425]: cannot find value `rcc` in module `stm32f4xx_hal::prelude`
[INFO] [stdout]   --> src/main.rs:26:42
[INFO] [stdout]    |
[INFO] [stdout] 26 |     let clocks = stm32f4xx_hal::prelude::rcc.cfgr.sysclk(48_u32.mhz()).freeze();
[INFO] [stdout]    |                                          ^^^ not found in `stm32f4xx_hal::prelude`
[INFO] [stdout] 
[INFO] [stdout] 
[INFO] [stdout] error: language item required, but not found: `eh_personality`
[INFO] [stdout] 
[INFO] [stdout] 
[INFO] [stdout] warning: use of deprecated associated function `stm32f4xx_hal::prelude::_embedded_hal_digital_OutputPin::set_high`: Deprecated because the methods cannot return errors. Users should use the traits in digital::v2.
[INFO] [stdout]  --> src/gpio.rs:7:10
[INFO] [stdout]   |
[INFO] [stdout] 7 |         .set_high();
[INFO] [stdout]   |          ^^^^^^^^
[INFO] [stdout]   |
[INFO] [stdout]   = note: `#[warn(deprecated)]` on by default
[INFO] [stdout] 
[INFO] [stdout] 
[INFO] [stdout] error: aborting due to 4 previous errors; 1 warning emitted
[INFO] [stdout] 
[INFO] [stdout] 
[INFO] [stdout] Some errors have detailed explanations: E0423, E0425.
[INFO] [stdout] 
[INFO] [stdout] For more information about an error, try `rustc --explain E0423`.
[INFO] [stdout] 
[INFO] [stderr] error: could not compile `esc`.
[INFO] [stderr] 
[INFO] [stderr] To learn more, run the command again with --verbose.
[INFO] [stderr] warning: build failed, waiting for other jobs to finish...
[INFO] [stdout] error[E0423]: expected function, tuple struct or tuple variant, found struct `spi::Spi`
[INFO] [stdout]    --> src/spi.rs:11:15
[INFO] [stdout]     |
[INFO] [stdout] 11  |       let spi = spi::Spi(
[INFO] [stdout]     |  _______________^
[INFO] [stdout] 12  | |         p.SPI2,
[INFO] [stdout] 13  | |         (tx, rx),
[INFO] [stdout] 14  | |         (spi::Polarity::IdleHigh, spi::Phase::CaptureOnFirstTransition),
[INFO] [stdout] 15  | |         HERTZ,
[INFO] [stdout] 16  | |         clocks,
[INFO] [stdout] 17  | |     ).unwrap();
[INFO] [stdout]     | |_____^ help: use struct literal syntax instead: `spi::Spi { spi: val, pins: val }`
[INFO] [stdout]     | 
[INFO] [stdout]    ::: /opt/rustwide/cargo-home/registry/src/github.com-1ecc6299db9ec823/stm32f4xx-hal-0.5.0/src/spi.rs:720:1
[INFO] [stdout]     |
[INFO] [stdout] 720 |   pub struct Spi<SPI, PINS> {
[INFO] [stdout]     |   ------------------------- `spi::Spi` defined here
[INFO] [stdout] 
[INFO] [stdout] 
[INFO] [stdout] error[E0425]: cannot find value `HERTZ` in this scope
[INFO] [stdout]   --> src/spi.rs:15:9
[INFO] [stdout]    |
[INFO] [stdout] 15 |         HERTZ,
[INFO] [stdout]    |         ^^^^^ not found in this scope
[INFO] [stdout] 
[INFO] [stdout] 
[INFO] [stdout] error[E0425]: cannot find value `rcc` in module `stm32f4xx_hal::prelude`
[INFO] [stdout]   --> src/main.rs:26:42
[INFO] [stdout]    |
[INFO] [stdout] 26 |     let clocks = stm32f4xx_hal::prelude::rcc.cfgr.sysclk(48_u32.mhz()).freeze();
[INFO] [stdout]    |                                          ^^^ not found in `stm32f4xx_hal::prelude`
[INFO] [stdout] 
[INFO] [stdout] 
[INFO] [stdout] error: duplicate lang item in crate `std` (which `test` depends on): `panic_impl`.
[INFO] [stdout]   |
[INFO] [stdout]   = note: the lang item is first defined in crate `panic_halt` (which `esc` depends on)
[INFO] [stdout]   = note: first definition in `panic_halt` loaded from /opt/rustwide/target/debug/deps/libpanic_halt-574608e11c22a401.rmeta
[INFO] [stdout]   = note: second definition in `std` loaded from /opt/rustwide/rustup-home/toolchains/af3c6e733a40e671550e0f0f5aeecaa13772ba56/lib/rustlib/x86_64-unknown-linux-gnu/lib/libstd-faa3fd6c69b73b7d.rlib
[INFO] [stdout] 
[INFO] [stdout] 
[INFO] [stdout] warning: use of deprecated associated function `stm32f4xx_hal::prelude::_embedded_hal_digital_OutputPin::set_high`: Deprecated because the methods cannot return errors. Users should use the traits in digital::v2.
[INFO] [stdout]  --> src/gpio.rs:7:10
[INFO] [stdout]   |
[INFO] [stdout] 7 |         .set_high();
[INFO] [stdout]   |          ^^^^^^^^
[INFO] [stdout]   |
[INFO] [stdout]   = note: `#[warn(deprecated)]` on by default
[INFO] [stdout] 
[INFO] [stdout] 
[INFO] [stdout] error: aborting due to 4 previous errors; 1 warning emitted
[INFO] [stdout] 
[INFO] [stdout] 
[INFO] [stdout] Some errors have detailed explanations: E0423, E0425.
[INFO] [stdout] 
[INFO] [stdout] For more information about an error, try `rustc --explain E0423`.
[INFO] [stdout] 
[INFO] [stderr] error: build failed
[INFO] running `Command { std: "docker" "inspect" "5810e0913226d8c783f6e623dd05c64a89b65fb18d57b3db24a33bd3d7a4a701", kill_on_drop: false }`
[INFO] running `Command { std: "docker" "rm" "-f" "5810e0913226d8c783f6e623dd05c64a89b65fb18d57b3db24a33bd3d7a4a701", kill_on_drop: false }`
[INFO] [stdout] 5810e0913226d8c783f6e623dd05c64a89b65fb18d57b3db24a33bd3d7a4a701
